[INFO] cloning repository https://github.com/rust-cc/simple_pgp
[INFO] running `Command { std: "git" "-c" "credential.helper=" "-c" "credential.helper=/workspace/cargo-home/bin/git-credential-null" "clone" "--bare" "https://github.com/rust-cc/simple_pgp" "/workspace/cache/git-repos/https%3A%2F%2Fgithub.com%2Frust-cc%2Fsimple_pgp", kill_on_drop: false }`
[INFO] [stderr] Cloning into bare repository '/workspace/cache/git-repos/https%3A%2F%2Fgithub.com%2Frust-cc%2Fsimple_pgp'...
[INFO] running `Command { std: "git" "rev-parse" "HEAD", kill_on_drop: false }`
[INFO] [stdout] cf713664891cf276260712b4bc1b765dcbd79f6b
[INFO] building rust-cc/simple_pgp against master#ff34b919075f35a1787659e9c448a34b06bab8de for issue-85264
[INFO] running `Command { std: "git" "clone" "/workspace/cache/git-repos/https%3A%2F%2Fgithub.com%2Frust-cc%2Fsimple_pgp" "/workspace/builds/worker-10/source", kill_on_drop: false }`
[INFO] [stderr] Cloning into '/workspace/builds/worker-10/source'...
[INFO] [stderr] done.
[INFO] validating manifest of git repo https://github.com/rust-cc/simple_pgp on toolchain ff34b919075f35a1787659e9c448a34b06bab8de
[INFO] running `Command { std: "/workspace/cargo-home/bin/cargo" "+ff34b919075f35a1787659e9c448a34b06bab8de" "metadata" "--manifest-path" "Cargo.toml" "--no-deps", kill_on_drop: false }`
[INFO] started tweaking git repo https://github.com/rust-cc/simple_pgp
[INFO] finished tweaking git repo https://github.com/rust-cc/simple_pgp
[INFO] tweaked toml for git repo https://github.com/rust-cc/simple_pgp written to /workspace/builds/worker-10/source/Cargo.toml
[INFO] crate git repo https://github.com/rust-cc/simple_pgp already has a lockfile, it will not be regenerated
[INFO] running `Command { std: "/workspace/cargo-home/bin/cargo" "+ff34b919075f35a1787659e9c448a34b06bab8de" "fetch" "--manifest-path" "Cargo.toml", kill_on_drop: false }`
[INFO] running `Command { std: "docker" "create" "-v" "/var/lib/crater-agent-workspace/builds/worker-10/target:/opt/rustwide/target:rw,Z" "-v" "/var/lib/crater-agent-workspace/builds/worker-10/source:/opt/rustwide/workdir:ro,Z" "-v" "/var/lib/crater-agent-workspace/cargo-home:/opt/rustwide/cargo-home:ro,Z" "-v" "/var/lib/crater-agent-workspace/rustup-home:/opt/rustwide/rustup-home:ro,Z" "-e" "SOURCE_DIR=/opt/rustwide/workdir" "-e" "CARGO_TARGET_DIR=/opt/rustwide/target" "-e" "CARGO_HOME=/opt/rustwide/cargo-home" "-e" "RUSTUP_HOME=/opt/rustwide/rustup-home" "-w" "/opt/rustwide/workdir" "-m" "1610612736" "--user" "0:0" "--network" "none" "ghcr.io/rust-lang/crates-build-env/linux@sha256:20528e8c29e4536546f0102ce88568b16ea7538393a33fcca951030f7af10457" "/opt/rustwide/cargo-home/bin/cargo" "+ff34b919075f35a1787659e9c448a34b06bab8de" "metadata" "--no-deps" "--format-version=1", kill_on_drop: false }`
[INFO] [stdout] 0b33e9ca1afbf7ed000d9cdb522475c6ca9de217a694f5ebabdc4e63297cfad7
[INFO] [stderr] WARNING: Your kernel does not support swap limit capabilities or the cgroup is not mounted. Memory limited without swap.
[INFO] running `Command { std: "docker" "start" "-a" "0b33e9ca1afbf7ed000d9cdb522475c6ca9de217a694f5ebabdc4e63297cfad7", kill_on_drop: false }`
[INFO] running `Command { std: "docker" "inspect" "0b33e9ca1afbf7ed000d9cdb522475c6ca9de217a694f5ebabdc4e63297cfad7", kill_on_drop: false }`
[INFO] running `Command { std: "docker" "rm" "-f" "0b33e9ca1afbf7ed000d9cdb522475c6ca9de217a694f5ebabdc4e63297cfad7", kill_on_drop: false }`
[INFO] [stdout] 0b33e9ca1afbf7ed000d9cdb522475c6ca9de217a694f5ebabdc4e63297cfad7
[INFO] running `Command { std: "docker" "create" "-v" "/var/lib/crater-agent-workspace/builds/worker-10/target:/opt/rustwide/target:rw,Z" "-v" "/var/lib/crater-agent-workspace/builds/worker-10/source:/opt/rustwide/workdir:ro,Z" "-v" "/var/lib/crater-agent-workspace/cargo-home:/opt/rustwide/cargo-home:ro,Z" "-v" "/var/lib/crater-agent-workspace/rustup-home:/opt/rustwide/rustup-home:ro,Z" "-e" "SOURCE_DIR=/opt/rustwide/workdir" "-e" "CARGO_TARGET_DIR=/opt/rustwide/target" "-e" "CARGO_INCREMENTAL=0" "-e" "RUST_BACKTRACE=full" "-e" "RUSTFLAGS=--cap-lints=forbid" "-e" "CARGO_HOME=/opt/rustwide/cargo-home" "-e" "RUSTUP_HOME=/opt/rustwide/rustup-home" "-w" "/opt/rustwide/workdir" "-m" "1610612736" "--user" "0:0" "--network" "none" "ghcr.io/rust-lang/crates-build-env/linux@sha256:20528e8c29e4536546f0102ce88568b16ea7538393a33fcca951030f7af10457" "/opt/rustwide/cargo-home/bin/cargo" "+ff34b919075f35a1787659e9c448a34b06bab8de" "build" "--frozen" "--message-format=json", kill_on_drop: false }`
[INFO] [stdout] 7b483e84394d971716442a3b129e1b437a3ac0b75b23411e45992d577c5ded97
[INFO] [stderr] WARNING: Your kernel does not support swap limit capabilities or the cgroup is not mounted. Memory limited without swap.
[INFO] running `Command { std: "docker" "start" "-a" "7b483e84394d971716442a3b129e1b437a3ac0b75b23411e45992d577c5ded97", kill_on_drop: false }`
[INFO] [stderr]    Compiling libc v0.2.55
[INFO] [stderr]    Compiling proc-macro2 v0.4.30
[INFO] [stderr]    Compiling byteorder v1.3.1
[INFO] [stderr]    Compiling cc v1.0.38
[INFO] [stderr]    Compiling syn v0.15.42
[INFO] [stderr]    Compiling cfg-if v0.1.9
[INFO] [stderr]    Compiling subtle v2.1.1
[INFO] [stderr]    Compiling serde v1.0.91
[INFO] [stderr]    Compiling failure_derive v0.1.5
[INFO] [stderr]    Compiling opaque-debug v0.2.2
[INFO] [stderr]    Compiling log v0.4.8
[INFO] [stderr]    Compiling rustc-demangle v0.1.15
[INFO] [stderr]    Compiling num-bigint-dig v0.4.0
[INFO] [stderr]    Compiling lazy_static v1.3.0
[INFO] [stderr]    Compiling smallvec v0.6.10
[INFO] [stderr]    Compiling keccak v0.1.0
[INFO] [stderr]    Compiling num-traits v0.2.8
[INFO] [stderr]    Compiling num-integer v0.1.41
[INFO] [stderr]    Compiling num-iter v0.1.39
[INFO] [stderr]    Compiling rand v0.6.5
[INFO] [stderr]    Compiling bincode v1.1.4
[INFO] [stderr]    Compiling rand_core v0.3.1
[INFO] [stderr]    Compiling block-padding v0.1.4
[INFO] [stderr]    Compiling generic-array v0.12.0
[INFO] [stderr]    Compiling radix64 v0.6.2
[INFO] [stderr]    Compiling rand_xorshift v0.1.1
[INFO] [stderr]    Compiling rand_isaac v0.1.1
[INFO] [stderr]    Compiling rand_hc v0.1.0
[INFO] [stderr]    Compiling rand_chacha v0.1.1
[INFO] [stderr]    Compiling digest v0.8.0
[INFO] [stderr]    Compiling block-cipher-trait v0.6.2
[INFO] [stderr]    Compiling log v0.3.9
[INFO] [stderr]    Compiling block-buffer v0.7.3
[INFO] [stderr]    Compiling aes-soft v0.3.3
[INFO] [stderr]    Compiling sha2 v0.8.0
[INFO] [stderr]    Compiling sha3 v0.8.2
[INFO] [stderr]    Compiling clear_on_drop v0.2.3
[INFO] [stderr]    Compiling backtrace-sys v0.1.31
[INFO] [stderr]    Compiling rand v0.4.6
[INFO] [stderr]    Compiling rand_os v0.1.3
[INFO] [stderr]    Compiling quote v0.6.13
[INFO] [stderr]    Compiling curve25519-dalek v1.2.2
[INFO] [stderr]    Compiling num-complex v0.1.43
[INFO] [stderr]    Compiling rand v0.3.23
[INFO] [stderr]    Compiling num-bigint v0.1.44
[INFO] [stderr]    Compiling backtrace v0.3.34
[INFO] [stderr]    Compiling num-rational v0.1.42
[INFO] [stderr]    Compiling x25519-dalek v0.5.2
[INFO] [stderr]    Compiling num v0.1.42
[INFO] [stderr]    Compiling compress v0.1.2
[INFO] [stderr]    Compiling synstructure v0.10.2
[INFO] [stderr]    Compiling serde_derive v1.0.98
[INFO] [stderr]    Compiling zeroize_derive v0.1.0
[INFO] [stderr]    Compiling zeroize v0.6.0
[INFO] [stderr]    Compiling failure v0.1.5
[INFO] [stderr]    Compiling ed25519-dalek v1.0.0-pre.1
[INFO] [stderr]    Compiling rsa v0.1.3
[INFO] [stderr]    Compiling rcmixed v0.0.2 (/opt/rustwide/workdir)
[INFO] [stderr]     Finished dev [unoptimized + debuginfo] target(s) in 22.26s
[INFO] running `Command { std: "docker" "inspect" "7b483e84394d971716442a3b129e1b437a3ac0b75b23411e45992d577c5ded97", kill_on_drop: false }`
[INFO] running `Command { std: "docker" "rm" "-f" "7b483e84394d971716442a3b129e1b437a3ac0b75b23411e45992d577c5ded97", kill_on_drop: false }`
[INFO] [stdout] 7b483e84394d971716442a3b129e1b437a3ac0b75b23411e45992d577c5ded97
[INFO] running `Command { std: "docker" "create" "-v" "/var/lib/crater-agent-workspace/builds/worker-10/target:/opt/rustwide/target:rw,Z" "-v" "/var/lib/crater-agent-workspace/builds/worker-10/source:/opt/rustwide/workdir:ro,Z" "-v" "/var/lib/crater-agent-workspace/cargo-home:/opt/rustwide/cargo-home:ro,Z" "-v" "/var/lib/crater-agent-workspace/rustup-home:/opt/rustwide/rustup-home:ro,Z" "-e" "SOURCE_DIR=/opt/rustwide/workdir" "-e" "CARGO_TARGET_DIR=/opt/rustwide/target" "-e" "CARGO_INCREMENTAL=0" "-e" "RUST_BACKTRACE=full" "-e" "RUSTFLAGS=--cap-lints=forbid" "-e" "CARGO_HOME=/opt/rustwide/cargo-home" "-e" "RUSTUP_HOME=/opt/rustwide/rustup-home" "-w" "/opt/rustwide/workdir" "-m" "1610612736" "--user" "0:0" "--network" "none" "ghcr.io/rust-lang/crates-build-env/linux@sha256:20528e8c29e4536546f0102ce88568b16ea7538393a33fcca951030f7af10457" "/opt/rustwide/cargo-home/bin/cargo" "+ff34b919075f35a1787659e9c448a34b06bab8de" "test" "--frozen" "--no-run" "--message-format=json", kill_on_drop: false }`
[INFO] [stdout] 4603d9527e30e1b6ad65e665449008a8bfbf17b46da0927c062b2a8bda0e8bfb
[INFO] [stderr] WARNING: Your kernel does not support swap limit capabilities or the cgroup is not mounted. Memory limited without swap.
[INFO] running `Command { std: "docker" "start" "-a" "4603d9527e30e1b6ad65e665449008a8bfbf17b46da0927c062b2a8bda0e8bfb", kill_on_drop: false }`
[INFO] [stderr]    Compiling rcmixed v0.0.2 (/opt/rustwide/workdir)
[INFO] [stdout] error[E0412]: cannot find type `AES` in this scope
[INFO] [stdout]   --> tests/store.rs:47:31
[INFO] [stdout]    |
[INFO] [stdout] 39 |     fn pk_encrypt_test() {
[INFO] [stdout]    |                       - help: you might be missing a type parameter: `<AES>`
[INFO] [stdout] ...
[INFO] [stdout] 47 |             pk_encrypt::<RSA, AES, SHA256, RSA>(plaintext.clone(), &receiver_pk, &sender_sk);
[INFO] [stdout]    |                               ^^^ not found in this scope
[INFO] [stdout] 
[INFO] [stdout] 
[INFO] [stdout] error[E0412]: cannot find type `SHA256` in this scope
[INFO] [stdout]   --> tests/store.rs:47:36
[INFO] [stdout]    |
[INFO] [stdout] 39 |     fn pk_encrypt_test() {
[INFO] [stdout]    |                       - help: you might be missing a type parameter: `<SHA256>`
[INFO] [stdout] ...
[INFO] [stdout] 47 |             pk_encrypt::<RSA, AES, SHA256, RSA>(plaintext.clone(), &receiver_pk, &sender_sk);
[INFO] [stdout]    |                                    ^^^^^^ not found in this scope
[INFO] [stdout] 
[INFO] [stdout] 
[INFO] [stdout] error[E0412]: cannot find type `AES` in this scope
[INFO] [stdout]   --> tests/store.rs:53:31
[INFO] [stdout]    |
[INFO] [stdout] 39 |     fn pk_encrypt_test() {
[INFO] [stdout]    |                       - help: you might be missing a type parameter: `<AES>`
[INFO] [stdout] ...
[INFO] [stdout] 53 |             pk_decrypt::<RSA, AES, SHA256, RSA>(ciphertext.unwrap(), &sender_pk, &receiver_sk);
[INFO] [stdout]    |                               ^^^ not found in this scope
[INFO] [stdout] 
[INFO] [stdout] 
[INFO] [stdout] error[E0412]: cannot find type `SHA256` in this scope
[INFO] [stdout]   --> tests/store.rs:53:36
[INFO] [stdout]    |
[INFO] [stdout] 39 |     fn pk_encrypt_test() {
[INFO] [stdout]    |                       - help: you might be missing a type parameter: `<SHA256>`
[INFO] [stdout] ...
[INFO] [stdout] 53 |             pk_decrypt::<RSA, AES, SHA256, RSA>(ciphertext.unwrap(), &sender_pk, &receiver_sk);
[INFO] [stdout]    |                                    ^^^^^^ not found in this scope
[INFO] [stdout] 
[INFO] [stdout] 
[INFO] [stdout] warning: unused imports: `HashAlgorithm`, `SymmetricAlgorithm`
[INFO] [stdout]   --> tests/store.rs:10:9
[INFO] [stdout]    |
[INFO] [stdout] 10 |         HashAlgorithm, PublicKeyAlgorithm, SignatureAlgorithm, SymmetricAlgorithm,
[INFO] [stdout]    |         ^^^^^^^^^^^^^                                          ^^^^^^^^^^^^^^^^^^
[INFO] [stdout]    |
[INFO] [stdout]    = note: `#[warn(unused_imports)]` on by default
[INFO] [stdout] 
[INFO] [stdout] 
[INFO] [stdout] error[E0277]: the trait bound `tmp_trait::RSA: SignatureAlgorithm` is not satisfied
[INFO] [stdout]   --> tests/store.rs:47:13
[INFO] [stdout]    |
[INFO] [stdout] 47 |             pk_encrypt::<RSA, AES, SHA256, RSA>(plaintext.clone(), &receiver_pk, &sender_sk);
[INFO] [stdout]    |             ^^^^^^^^^^^^^^^^^^^^^^^^^^^^^^^^^^^ the trait `SignatureAlgorithm` is not implemented for `tmp_trait::RSA`
[INFO] [stdout]    | 
[INFO] [stdout]   ::: /opt/rustwide/workdir/src/encrypt_public_key.rs:13:8
[INFO] [stdout]    |
[INFO] [stdout] 13 |     I: SignatureAlgorithm,
[INFO] [stdout]    |        ------------------ required by this bound in `rcmixed::encrypt_public_key::encrypt`
[INFO] [stdout] 
[INFO] [stdout] 
[INFO] [stdout] error[E0308]: mismatched types
[INFO] [stdout]   --> tests/store.rs:47:68
[INFO] [stdout]    |
[INFO] [stdout] 47 |             pk_encrypt::<RSA, AES, SHA256, RSA>(plaintext.clone(), &receiver_pk, &sender_sk);
[INFO] [stdout]    |                                                                    ^^^^^^^^^^^^ expected array `[u8; 32]`, found `&str`
[INFO] [stdout]    |
[INFO] [stdout]    = note: expected reference `&[u8; 32]`
[INFO] [stdout]               found reference `&&str`
[INFO] [stdout] 
[INFO] [stdout] 
[INFO] [stdout] error[E0277]: the trait bound `tmp_trait::RSA: SignatureAlgorithm` is not satisfied
[INFO] [stdout]   --> tests/store.rs:53:13
[INFO] [stdout]    |
[INFO] [stdout] 53 |             pk_decrypt::<RSA, AES, SHA256, RSA>(ciphertext.unwrap(), &sender_pk, &receiver_sk);
[INFO] [stdout]    |             ^^^^^^^^^^^^^^^^^^^^^^^^^^^^^^^^^^^ the trait `SignatureAlgorithm` is not implemented for `tmp_trait::RSA`
[INFO] [stdout]    | 
[INFO] [stdout]   ::: /opt/rustwide/workdir/src/encrypt_public_key.rs:55:8
[INFO] [stdout]    |
[INFO] [stdout] 55 |     I: SignatureAlgorithm,
[INFO] [stdout]    |        ------------------ required by this bound in `rcmixed::encrypt_public_key::decrypt`
[INFO] [stdout] 
[INFO] [stdout] 
[INFO] [stdout] error[E0308]: mismatched types
[INFO] [stdout]   --> tests/store.rs:53:82
[INFO] [stdout]    |
[INFO] [stdout] 53 |             pk_decrypt::<RSA, AES, SHA256, RSA>(ciphertext.unwrap(), &sender_pk, &receiver_sk);
[INFO] [stdout]    |                                                                                  ^^^^^^^^^^^^ expected array `[u8; 30]`, found `&str`
[INFO] [stdout]    |
[INFO] [stdout]    = note: expected reference `&[u8; 30]`
[INFO] [stdout]               found reference `&&str`
[INFO] [stdout] 
[INFO] [stdout] 
[INFO] [stdout] error: aborting due to 8 previous errors; 1 warning emitted
[INFO] [stdout] 
[INFO] [stdout] 
[INFO] [stdout] Some errors have detailed explanations: E0277, E0308, E0412.
[INFO] [stdout] 
[INFO] [stdout] For more information about an error, try `rustc --explain E0277`.
[INFO] [stdout] 
[INFO] [stderr] error: could not compile `rcmixed`
[INFO] [stderr] 
[INFO] [stderr] To learn more, run the command again with --verbose.
[INFO] [stderr] warning: build failed, waiting for other jobs to finish...
[INFO] [stderr] error: build failed
[INFO] running `Command { std: "docker" "inspect" "4603d9527e30e1b6ad65e665449008a8bfbf17b46da0927c062b2a8bda0e8bfb", kill_on_drop: false }`
[INFO] running `Command { std: "docker" "rm" "-f" "4603d9527e30e1b6ad65e665449008a8bfbf17b46da0927c062b2a8bda0e8bfb", kill_on_drop: false }`
[INFO] [stdout] 4603d9527e30e1b6ad65e665449008a8bfbf17b46da0927c062b2a8bda0e8bfb
